{"id":55,"date":"2021-04-07T15:56:56","date_gmt":"2021-04-07T13:56:56","guid":{"rendered":"https:\/\/wissenschaft-in-der-stadt.de\/biooekonomie\/?page_id=55"},"modified":"2023-04-20T17:37:48","modified_gmt":"2023-04-20T15:37:48","slug":"ueber-uns","status":"publish","type":"page","link":"https:\/\/wissenschaft-in-der-stadt.de\/mars-findet-stadt\/ueber-uns\/","title":{"rendered":"\u00dcber uns"},"content":{"rendered":"<p>[vc_row][vc_column css=&#8220;.vc_custom_1618991834134{margin-top: 40px !important;}&#8220;][vc_column_text]<\/p>\r\n<h2 class=\"has-accent-color has-text-color wp-block-heading\">Wissenschaft in der Stadt!<\/h2>\r\n\r\n<p><strong>Der\u00a0Strategiekreis WISTA \u2013 Wissenschaft in der Stadt\u00a0hat das Ziel, das Thema Verortung von Wissenschaft in der Stadt voranzutreiben. Neben der Vernetzung durch gemeinsame Projekte ist es ein wichtiges Anliegen, auch auf politischer Ebene f\u00fcr das Thema zu sensibilisieren. Der Hallenser Verein Science2public &#8211; Gesellschaft f\u00fcr Wissenschaftskommunikation vertritt die Stadt\u00a0Halle (Saale) in diesem\u00a0<\/strong><b>Strategiekreis.\u00a0<\/b><\/p>\r\n\r\n<p>Im Sommer 2016 haben sich auf Initiative von Dr. Iris Kla\u00dfen im \u2013 damaligen \u2013 Haus der Wissenschaft der Hansestadt L\u00fcbeck Akteure aus rund zehn St\u00e4dten und Hochschulen zusammengefunden, die sich intensiv mit dem Thema\u00a0<strong>Verortung von Wissenschaft in der Stadt<\/strong>\u00a0befassen. Den Teilnehmerinnen und Teilnehmern dieses ersten Treffens war schnell klar, dass sie sich weiter gemeinsam f\u00fcr dieses Anliegen engagieren wollen. Seitdem trifft sich der SK WISTA selbstorgansiert und als formloser Verbund mindestens zweimal im Jahr zum kollegialen Austausch und zur Projektarbeit. Koordination und Sprecherinnen bzw. Sprecher werden turnusm\u00e4\u00dfig aus dem Kreis der Mitglieder gew\u00e4hlt.<br \/>Der SK WISTA ist offen f\u00fcr neue Mitglieder, die aktiv an der Verortung von Wissenschaft in der Stadt arbeiten. Wenn Sie als Vertreter\/in einer Stadt, einer Hochschule oder einer Institution wie einem \u201eHaus der Wissenschaft\u201c verantwortlich t\u00e4tig sind und Interesse am SK WISTA haben, nehmen Sie bitte Kontakt mit unserer Sprecherin auf.<\/p>\r\n\r\n<p>Wir vertreten die These, dass die Verortung von Wissenschaft in der Stadt ebenso selbstverst\u00e4ndlich zum\u00a0<strong>Bildungsauftrag\u00a0<\/strong>einer Wissensgesellschaft geh\u00f6ren sollte, wie Theater und Museen. Eine wichtige Basis f\u00fcr politische Entscheidungen sind\u00a0<strong>wissenschaftliche Erkenntnisse und der gesellschaftliche Diskurs<\/strong>\u00a0dar\u00fcber. Und f\u00fcr solche Diskurse braucht es Orte mit anerkannter Expertise in der Vernetzung von Wissen und dem Verm\u00f6gen, verschiedene gesellschaftliche Gruppen zusammenzubringen.<\/p>\r\n<p>\u00a0<\/p>\r\n<p>[\/vc_column_text][\/vc_column][\/vc_row]<\/p>","protected":false},"excerpt":{"rendered":"<p>[vc_row][vc_column css=&#8220;.vc_custom_1618991834134{margin-top: 40px !important;}&#8220;][vc_column_text] Wissenschaft in der Stadt! Der\u00a0Strategiekreis WISTA \u2013 Wissenschaft in der Stadt\u00a0hat das Ziel, das Thema Verortung von Wissenschaft in der Stadt voranzutreiben. Neben der Vernetzung durch gemeinsame Projekte ist es ein wichtiges Anliegen, auch auf politischer Ebene f\u00fcr das Thema zu sensibilisieren. Der Hallenser Verein Science2public &#8211; Gesellschaft f\u00fcr Wissenschaftskommunikation vertritt&hellip;<\/p>\n","protected":false},"author":26,"featured_media":34,"parent":0,"menu_order":0,"comment_status":"closed","ping_status":"closed","template":"","meta":{"footnotes":""},"class_list":["post-55","page","type-page","status-publish","has-post-thumbnail","hentry","description-off"],"_links":{"self":[{"href":"https:\/\/wissenschaft-in-der-stadt.de\/mars-findet-stadt\/wp-json\/wp\/v2\/pages\/55","targetHints":{"allow":["GET"]}}],"collection":[{"href":"https:\/\/wissenschaft-in-der-stadt.de\/mars-findet-stadt\/wp-json\/wp\/v2\/pages"}],"about":[{"href":"https:\/\/wissenschaft-in-der-stadt.de\/mars-findet-stadt\/wp-json\/wp\/v2\/types\/page"}],"author":[{"embeddable":true,"href":"https:\/\/wissenschaft-in-der-stadt.de\/mars-findet-stadt\/wp-json\/wp\/v2\/users\/26"}],"replies":[{"embeddable":true,"href":"https:\/\/wissenschaft-in-der-stadt.de\/mars-findet-stadt\/wp-json\/wp\/v2\/comments?post=55"}],"version-history":[{"count":15,"href":"https:\/\/wissenschaft-in-der-stadt.de\/mars-findet-stadt\/wp-json\/wp\/v2\/pages\/55\/revisions"}],"predecessor-version":[{"id":1798,"href":"https:\/\/wissenschaft-in-der-stadt.de\/mars-findet-stadt\/wp-json\/wp\/v2\/pages\/55\/revisions\/1798"}],"wp:featuredmedia":[{"embeddable":true,"href":"https:\/\/wissenschaft-in-der-stadt.de\/mars-findet-stadt\/wp-json\/wp\/v2\/media\/34"}],"wp:attachment":[{"href":"https:\/\/wissenschaft-in-der-stadt.de\/mars-findet-stadt\/wp-json\/wp\/v2\/media?parent=55"}],"curies":[{"name":"wp","href":"https:\/\/api.w.org\/{rel}","templated":true}]}}